{"id":450,"date":"2018-01-05T20:51:25","date_gmt":"2018-01-05T20:51:25","guid":{"rendered":"http:\/\/teatroprovincialcurico.cl\/portal\/?post_type=tribe_events&#038;p=450"},"modified":"2018-01-05T20:51:25","modified_gmt":"2018-01-05T20:51:25","slug":"gala-andanzas-academia-de-artes-y-expresion","status":"publish","type":"tribe_events","link":"http:\/\/teatroprovincialcurico.cl\/portal\/?tribe_events=gala-andanzas-academia-de-artes-y-expresion","title":{"rendered":"Gala Andanzas, Academia de Artes y Expresi\u00f3n"},"content":{"rendered":"<p><u>Gala Andanzas<\/u><\/p>\n<p>Grupo de Danza Andanzas de Curic\u00f3<\/p>\n<p>Viernes 12<\/p>\n<p>20 hrs<\/p>\n<p>Venta<\/p>\n<p>Andanzas en un grupo de danza dirigido por la profesora Paulina Briones. Desde hace varios a\u00f1os ha desarrollado un trabajo con el que ha recorrido varias ciudades del pa\u00eds e incluso el extranjero.<\/p>\n<p>En esta oportunidad muestra a todo p\u00fablico el trabajo, cari\u00f1o y esfuerzo puesto de parte de ella y de sus alumnos en esta pasi\u00f3n art\u00edstica como es la danza.<\/p>\n","protected":false},"excerpt":{"rendered":"<p>Gala Andanzas Grupo de Danza Andanzas de Curic\u00f3 Viernes 12 20 hrs Venta Andanzas en un grupo de danza dirigido por la profesora Paulina Briones. Desde hace varios a\u00f1os ha [&hellip;]<\/p>\n","protected":false},"author":1,"featured_media":435,"template":"","meta":{"_tribe_events_status":"","_tribe_events_status_reason":"","footnotes":""},"tags":[],"tribe_events_cat":[20],"class_list":["post-450","tribe_events","type-tribe_events","status-publish","has-post-thumbnail","hentry","tribe_events_cat-teatro","cat_teatro"],"_links":{"self":[{"href":"http:\/\/teatroprovincialcurico.cl\/portal\/index.php?rest_route=\/wp\/v2\/tribe_events\/450","targetHints":{"allow":["GET"]}}],"collection":[{"href":"http:\/\/teatroprovincialcurico.cl\/portal\/index.php?rest_route=\/wp\/v2\/tribe_events"}],"about":[{"href":"http:\/\/teatroprovincialcurico.cl\/portal\/index.php?rest_route=\/wp\/v2\/types\/tribe_events"}],"author":[{"embeddable":true,"href":"http:\/\/teatroprovincialcurico.cl\/portal\/index.php?rest_route=\/wp\/v2\/users\/1"}],"version-history":[{"count":1,"href":"http:\/\/teatroprovincialcurico.cl\/portal\/index.php?rest_route=\/wp\/v2\/tribe_events\/450\/revisions"}],"predecessor-version":[{"id":451,"href":"http:\/\/teatroprovincialcurico.cl\/portal\/index.php?rest_route=\/wp\/v2\/tribe_events\/450\/revisions\/451"}],"wp:featuredmedia":[{"embeddable":true,"href":"http:\/\/teatroprovincialcurico.cl\/portal\/index.php?rest_route=\/wp\/v2\/media\/435"}],"wp:attachment":[{"href":"http:\/\/teatroprovincialcurico.cl\/portal\/index.php?rest_route=%2Fwp%2Fv2%2Fmedia&parent=450"}],"wp:term":[{"taxonomy":"post_tag","embeddable":true,"href":"http:\/\/teatroprovincialcurico.cl\/portal\/index.php?rest_route=%2Fwp%2Fv2%2Ftags&post=450"},{"taxonomy":"tribe_events_cat","embeddable":true,"href":"http:\/\/teatroprovincialcurico.cl\/portal\/index.php?rest_route=%2Fwp%2Fv2%2Ftribe_events_cat&post=450"}],"curies":[{"name":"wp","href":"https:\/\/api.w.org\/{rel}","templated":true}]}}

Gala Andanzas, Academia de Artes y Expresión

<p><u>Gala Andanzas</u></p>
<p>Grupo de Danza Andanzas de Curicó</p>
<p>Viernes 12</p>
<p>20 hrs</p>
<p>Venta</p>
<p>Andanzas en un grupo de danza dirigido por la profesora Paulina Briones. Desde hace varios años ha desarrollado un trabajo con el que ha recorrido varias ciudades del país e incluso el extranjero.</p>
<p>En esta oportunidad muestra a todo público el trabajo, cariño y esfuerzo puesto de parte de ella y de sus alumnos en esta pasión artística como es la danza.</p>

<p>Gala Andanzas Grupo de Danza Andanzas de Curicó Viernes 12 20 hrs Venta Andanzas en un grupo de danza dirigido por la profesora Paulina Briones. Desde hace varios años ha [&hellip;]</p>
